pose f*p + 4*p = 128. What are the prime factors of p?
2
Let d = 13 + -10. Suppose -8 = d*v - 26. List the prime factors of v.
2, 3
Suppose 9 = -3*o + 6*o. Suppose d + y = o*y + 6, -d - 5*y - 8 = 0. Suppose -5*c + 6 = -d*c. List the prime factors of c.
2
Let r be 58/8 + (-2)/8. Let c be 8/(-28) - (-37)/r. Suppose c*o + 0*o - 80 = 0. What are the prime factors of o?
2
Suppose -7*a = -3*a - 3*x - 79, -3*a + 54 = -4*x. What are the prime factors of a?
2, 11
Let d(j) = 4*j**2 + j + 1. Let n be d(-1). Suppose 0*l - 36 = -n*l. Suppose 3*i = 3*r + 19 + 20, l = -3*r. List the prime factors of i.
2, 5
Suppose 3*x + 4 = 7. Suppose -5*k + x = -19. What are the prime factors of k?
2
Let w(n) = -9*n + 6. Let l(o) = -16*o + 3. Let g(m) = -8*m + 2. Let j(z) = -7*g(z) + 3*l(z). Let h(b) = -5*j(b) - 4*w(b). What are the prime factors of h(-4)?
17
Let k = -1 + 5. Suppose -5*g = -5, -13 = -3*v + k*g + 16. List the prime factors of v.
11
Suppose 2*j + 4*g - 9 - 17 = 0, -5*g + 25 = j. Let y = 3 + j. List the prime factors of y.
2
Let k = -3 + 5. Suppose 3*p - 31 = k*n, 12 - 59 = 4*n - p. Let d = n + 17. What are the prime factors of d?
2, 3
Suppose 0 = r + 3 - 27. Suppose y - h = 8, -5*y - 5*h + 49 + 21 = 0. List the prime factors of r/y + 2/(-11).
2
Suppose 0 = -8*m + 194 + 1070. List the prime factors of m.
2, 79
Suppose 5*h + 0*h = 100. List the prime factors of h.
2, 5
Let u = -4 - -7. Let y(n) = -n - 6 + u + 0*n. What are the prime factors of y(-6)?
3
Let u(v) = 3*v**2 - 2*v - 1. Let w be u(-2). Suppose 10*d - 11*d + w = 0. What are the prime factors of d?
3, 5
What are the prime factors of (27/4)/((-6)/(-24))?
3
Suppose -96 = -2*z - z. Let n(a) = -a**3 + 8*a**2 + 6*a + 11. Let w be n(9). Let h = z + w. List the prime factors of h.
2
Suppose h = -0*h + 3. Suppose 4*l + 77 = 4*s + 17, h*l = -s - 1. List the prime factors of s.
11
Suppose 0 = 4*g + 4*l, -2 = -4*g - 2*l - 12. Let z = g + 8. Suppose -s - z*h + 1 = -5, 0 = s + 5*h - 6. What are the prime factors of s?
2, 3
Suppose i - 6*i - 45 = 0. Let q = i - -14. Suppose 45 + 65 = q*t. List the prime factors of t.
2, 11
Suppose 0 = -4*k - 20, 2*k + 525 = 5*i + 6*k. Suppose -4*y - c = -i, -c + 111 = 4*y + 2*c. What are the prime factors of y?
3
Let z(c) = -2 - 3 + 2*c - 2. Let w be z(7). Suppose f - w = -q, q + 5 = 3*f - 0*f. List the prime factors of q.
2
Let s(u) = 2*u**2 + 5*u - 1. Let a be (-45)/12 - 1/4. Let w be s(a). Suppose 2*i - w = 5. List the prime factors of i.
2
Let z = 5 - 5. Suppose -2*q - 2*q + 12 = z. List the prime factors of q.
3
Let o(l) = l**3 + 10*l**2 + 3*l - 4. List the prime factors of o(-9).
2, 5
Let j = -7 + 0. Let z = j - -6. Let p = 4 - z. List the prime factors of p.
5
Suppose -3*k + 6*k = 6. List the prime factors of (-3)/6 + 15/k.
7
Let g(j) = -j - 10. Let d be g(-10). Suppose d*t = 3*k + t + 37, 0 = -5*k - 3*t - 67. Let p = 2 - k. List the prime factors of p.
13
Let c(z) = -24*z. List the prime factors of c(-4).
2, 3
What are the prime factors of -43*(1 + -4 + 2)?
43
Let q(i) = 2*i**2 - 11*i - 12. Let n be q(9). Suppose -3*v + n = -2*v. List the prime factors of v.
3, 17
Suppose -2*n + 5*a = 10 - 3, 0 = -4*n - 4*a. Let b(h) = 6*h + 1. Let p be b(n). Let v(r) = -r - 3. List the prime factors of v(p).
2
Let p(i) = -i. Let v = -28 - -18. List the prime factors of p(v).
2, 5
Let m = 39 - -17. What are the prime factors of m?
2, 7
Suppose u - 4*u + 6 = -3*f, -f - 2 = 3*u. Suppose -5*g + 0*g + 10 = u. Suppose -2*l + 7*l + g*y = 33, 4*y - 16 = 0. List the prime factors of l.
5
Suppose 8*a = 12*a - 16. What are the prime factors of a?
2
Suppose -5*b = -5*p, -3*b + 10 = -2. Let j = 20 + p. What are the prime factors of j?
2, 3
Suppose -3*s + 261 = -657. List the prime factors of s.
2, 3, 17
Let u(c) = -c**3 + 4*c**2 - 2*c - 2. Let n be u(2). List the prime factors of (15/(-25))/(n/(-30)).
3
Let n = 8 + -5. Suppose 2*h + 17 = n*h. What are the prime factors of h?
17
Suppose 4*c - 8*c + 18 = -3*n, 0 = 3*c - 5*n - 19. Suppose -2*g = -c*s + 89, 2*s + 2*g - 63 = 7*g. What are the prime factors of s?
29
Suppose 5*g + 4*y = -36, -2*g + 4*y = y - 4. List the prime factors of g*(9/6 + -2).
2
What are the prime factors of (49 - 0) + 3/(-1 - -2)?
2, 13
Let r = -7 - -2. Let a(q) = -q**2 - 4*q + 10. List the prime factors of a(r).
5
Let r = -229 - -469. What are the prime factors of r?
2, 3, 5
Suppose 2 = 4*b - 6. Let u = 0 + b. What are the prime factors of u?
2
Let k = 32 - 87. Let f = k - -111. List the prime factors of f.
2, 7
Suppose 2*f + 4*g + g - 1 = 0, 0 = -2*f - 3*g + 3. Suppose 0 = f*r - 48 - 24. List the prime factors of (-3)/(-1)*r/9.
2
Let z = 113 + -72. List the prime factors of z.
41
Let w = 6 - 10. List the prime factors of (28 + 1)*(-4)/w.
29
Suppose o + 7 - 11 = 0. What are the prime factors of o?
2
Let c be (-11 - -10)/((-2)/14). Suppose u = 22 - c. List the prime factors of u.
3, 5
Let u = 9 - 5. Suppose u*f - 5*m = 8, 10 = 5*f - 0*f - 2*m. Suppose -5*h = p - 4*p - 9, f*p + 11 = 5*h. What are the prime factors of p?
2
Let d(m) be the third derivative of -m**4/24 + m**3/6 - m**2. Let c(j) = -j + 2. Let t(z) = -c(z) - 2*d(z). What are the prime factors of t(4)?
2
Suppose 2*f = -p + 10, -2*f = -3*p - p. Let n = p + 0. List the prime factors of n.
2
Suppose 0 = z - 2*z + 12. List the prime factors of z.
2, 3
Let m be (0 + 1*-2)*1. Let a be (m - (-6)/3) + 6. List the prime factors of (a/3 - -9) + 1.
2, 3
Suppose 3*z + 4*k - 312 + 37 = 0, -k = 5*z - 430. What are the prime factors of z?
5, 17
Suppose -6*g + g + 1185 = 0. List the prime factors of g.
3, 79
Let u = 256 - 183. List the prime factors of u.
73
Suppose -s + 1 = -2, -s = -2*c + 3. Let a = 3 + -3. Suppose a = -0*z - z - c*r + 3, -2*z + 14 = -2*r. What are the prime factors of z?
2, 3
Suppose -2*t - p - 2*p + 91 = 0, -5*t + 5*p + 240 = 0. What are the prime factors of t?
47
Let t = 84 - 40. What are the prime factors of t?
2, 11
Let u = 4 - 3. Let c be (-4)/14 + (-40)/7. Let z = u - c. What are the prime factors of z?
7
Let t = -10 - -50. What are the prime factors of t?
2, 5
Let a(l) = -3*l**3 - 3*l**2 - 2*l + 1. List the prime factors of a(-3).
61
List the prime factors of (-556)/(-24) + (-3)/18.
23
Let a(w) = 4*w**3 + 3*w**2 + w. Let g be a(-2). Let d = 0 - g. What are the prime factors of d?
2, 11
Let d(y) = -y**2 - 9*y - 7. What are the prime factors of d(-5)?
13
Let w = -3 - -6. List the prime factors of w + -3 + 3/1.
3
Suppose 5*q - 2*q = 12. Let z = -4 + 48. Suppose 0 = 2*x + 3*h - 9, 5*x = q*h + z + 36. What are the prime factors of x?
2, 3
Suppose -3*j = -2*a - 2*j + 6, 4*a - j - 12 = 0. Let h be (-2 - (3 - a)) + 42. Suppose u - h = -u. List the prime factors of u.
2, 5
Let d(q) = -7 - 11 + 65 + q. List the prime factors of d(0).
47
Let h(m) = m. Let q be h(-1). Let l = 4 + q. Suppose -l*j + 6*j - 18 = -3*c, 5*j = 4*c + 3. List the prime factors of j.
3
Let f(o) = 42*o - 16. What are the prime factors of f(3)?
2, 5, 11
Let l(j) = -8 + 7*j - 5 - 4*j + 11. List the prime factors of l(8).
2, 11
What are the prime factors of (-4 - 7)*(-1 + 0)?
11
Suppose -5*p + p + 120 = 0. Let h = p - 14. What are the prime factors of h?
2
Let x = 274 - 148. List the prime factors of x.
2, 3, 7
Let j(p) = p**2 + p - 2. List the prime factors of j(4).
2, 3
Suppose -26*w + 17*w + 3240 = 0. List the prime factors of w.
2, 3, 5
Suppose 0 = -3*w + 7 + 8. Suppose -w*a = -25, -y = -0*a + 2*a - 24. List the prime factors of y.
2, 7
Let u(t) = 12 - t - 5 + 12 + 0*t. List the prime factors of u(8).
11
Suppose -18 = -5*o + 7. Suppose 0 + o = -2*l + z, 5*z + 14 = -3*l. List the prime factors of -6*(2/l - 0).
2
Let k = -114 + 192. List the prime factors of k.
2, 3, 13
Let w(x) = x + 2*x**3 + 1 + 0*x - x. What are the prime factors of w(1)?
3
Suppose -2*h - 159 - 59 = -3*b, 4*b - 3*h - 291 = 0. List the prime factors of b.
2, 3
Suppose f - 6*f + 650 = 0. Suppose 9*r - 4*r - f = 0. List the prime factors of r.
2, 13
Suppose m = 3, -2*o - m + 15 = 4*m. Suppose -4*l - l + 70 = o. List the prime factors of l.
2, 7
Let y be (-8)/(-2) - (-6 - -8). Suppose -4*a - 4*r = -104, 4*r = y*a + 3*a - 112. What are the prime factors of a?
2, 3
Suppose 3*b = b + 8. Suppose b*y - 2*y = k + 2, -5*k = 2*y - 26. What are the prime factors of k?
2
Suppose 5*h - 1254 - 2